
Convert 301 (base 8) to base 5.
1233
What is -101001 (base 2) in base 5?
-131
Convert -1a (base 12) to base 4.
-112
3 (base 15) to base 8
3
Convert c (base 15) to base 11.
11
-15 (base 10) to base 4
-33
What is -2 (base 14) in base 7?
-2
What is 2 (base 15) in base 8?
2
-4 (base 9) to base 12
-4
Convert -10 (base 4) to base 9.
-4
What is -1b (base 12) in base 10?
-23
Convert a2 (base 12) to base 14.
8a
What is 133 (base 4) in base 15?
21
Convert 2 (base 6) to base 12.
2
b (base 14) to base 6
15
1 (base 16) to base 2
1
What is 9 (base 16) in base 12?
9
-3 (base 10) to base 16
-3
-10 (base 2) to base 12
-2
What is -43 (base 6) in base 5?
-102
What is -343 (base 5) in base 16?
-62
Convert 2 (base 16) to base 14.
2
Convert 8 (base 10) to base 4.
20
What is 1a (base 14) in base 13?
1b
What is 62 (base 8) in base 14?
38
Convert 222 (base 3) to base 10.
26
-3 (base 15) to base 3
-10
What is 2 (base 3) in base 2?
10
55 (base 13) to base 9
77
Convert -503 (base 6) to base 16.
-b7
What is 1022 (base 4) in base 3?
2202
11 (base 11) to base 14
c
Convert -2 (base 13) to base 9.
-2
Convert -21 (base 3) to base 7.
-10
-3 (base 11) to base 2
-11
What is -1 (base 14) in base 15?
-1
-62 (base 15) to base 12
-78
15 (base 12) to base 10
17
Convert -131 (base 6) to base 7.
-106
-12 (base 6) to base 14
-8
-10 (base 2) to base 13
-2
Convert 101 (base 2) to base 8.
5
Convert -2 (base 6) to base 5.
-2
211 (base 3) to base 9
24
Convert -103 (base 4) to base 13.
-16
What is 0 (base 5) in base 14?
0
65 (base 15) to base 11
87
What is -2212 (base 5) in base 9?
-371
Convert -9 (base 16) to base 11.
-9
What is 1b (base 14) in base 8?
31
-1b (base 14) to base 7
-34
-17 (base 8) to base 16
-f
-1 (base 11) to base 2
-1
141 (base 8) to base 11
89
What is 3 (base 12) in base 15?
3
224 (base 7) to base 4
1310
-21 (base 3) to base 16
-7
What is -101111 (base 2) in base 4?
-233
-2 (base 10) to base 16
-2
What is 43 (base 7) in base 8?
37
Convert 2 (base 4) to base 16.
2
What is -150 (base 6) in base 3?
-2110
What is -19 (base 11) in base 6?
-32
Convert 12 (base 3) to base 2.
101
What is 2 (base 9) in base 8?
2
100110 (base 2) to base 5
123
What is -111110 (base 2) in base 15?
-42
Convert -100010100 (base 2) to base 4.
-10110
-2003 (base 4) to base 3
-11212
1 (base 11) to base 8
1
What is -12 (base 9) in base 7?
-14
What is -150 (base 11) in base 13?
-107
Convert 23 (base 14) to base 6.
51
What is -4 (base 16) in base 4?
-10
-221 (base 8) to base 6
-401
What is 0 (base 14) in base 9?
0
Convert -11000 (base 2) to base 13.
-1b
146 (base 12) to base 3
21100
-202 (base 6) to base 9
-82
What is 14 (base 6) in base 2?
1010
-16 (base 15) to base 13
-18
-3 (base 16) to base 4
-3
3 (base 6) to base 5
3
What is 232 (base 7) in base 11?
100
What is 20 (base 16) in base 6?
52
What is -1 (base 4) in base 14?
-1
-6 (base 9) to base 15
-6
Convert 195 (base 15) to base 8.
555
1223 (base 5) to base 14
d6
What is -6 (base 12) in base 6?
-10
34 (base 7) to base 11
23
Convert 1 (base 11) to base 7.
1
540 (base 6) to base 12
150
-10121 (base 3) to base 4
-1201
What is 10001111 (base 2) in base 13?
b0
-1011 (base 3) to base 11
-29
-2 (base 11) to base 7
-2
What is 3 (base 10) in base 14?
3
What is -20 (base 11) in base 5?
-42
-3 (base 4) to base 9
-3
Convert 6 (base 11) to base 15.
6
Convert 0 (base 5) to base 8.
0
211 (base 6) to base 8
117
c (base 16) to base 9
13
Convert -4 (base 10) to base 8.
-4
-4 (base 6) to base 11
-4
1 (base 15) to base 8
1
Convert 3 (base 13) to base 3.
10
Convert -3 (base 14) to base 8.
-3
What is 144 (base 5) in base 4?
301
Convert 2 (base 8) to base 13.
2
7 (base 12) to base 8
7
136 (base 9) to base 3
11020
-413 (base 5) to base 10
-108
What is b1 (base 12) in base 14?
97
4 (base 6) to base 3
11
Convert -3 (base 13) to base 15.
-3
What is -2 (base 12) in base 11?
-2
Convert -551 (base 7) to base 13.
-188
Convert 0 (base 10) to base 12.
0
Convert -20 (base 3) to base 9.
-6
Convert 221 (base 4) to base 14.
2d
7 (base 12) to base 14
7
What is -21 (base 5) in base 14?
-b
Convert 13 (base 16) to base 11.
18
Convert -22 (base 5) to base 2.
-1100
What is -9 (base 10) in base 13?
-9
2 (base 5) to base 6
2
Convert -9 (base 12) to base 11.
-9
What is -d6 (base 16) in base 11?
-185
0 (base 16) to base 15
0
Convert -3220 (base 4) to base 2.
-11101000
-25 (base 14) to base 11
-30
Convert 151 (base 7) to base 14.
61
Convert -3 (base 9) to base 8.
-3
Convert 3 (base 8) to base 14.
3
What is 149 (base 10) in base 4?
2111
Convert -22 (base 6) to base 2.
-1110
11 (base 3) to base 15
4
Convert 84 (base 12) to base 15.
6a
Convert 10 (base 3) to base 6.
3
-5 (base 15) to base 10
-5
What is -240 (base 7) in base 11?
-105
5a (base 15) to base 6
221
Convert -e (base 15) to base 10.
-14
Convert -1 (base 16) to base 4.
-1
-34 (base 6) to base 5
-42
Convert 2 (base 7) to base 6.
2
-7 (base 13) to base 5
-12
-65 (base 8) to base 10
-53
0 (base 15) to base 11
0
-1132 (base 4) to base 10
-94
4 (base 11) to base 8
4
11111 (base 3) to base 11
100
What is -105 (base 7) in base 12?
-46
What is -32 (base 13) in base 2?
-101001
Convert -10 (base 2) to base 15.
-2
What is 1121 (base 3) in base 5?
133
What is 20 (base 6) in base 5?
22
Convert -14 (base 13) to base 10.
-17
What is -14 (base 9) in base 3?
-111
0 (base 15) to base 9
0
105 (base 7) to base 12
46
170 (base 13) to base 7
521
Convert -a1 (base 12) to base 4.
-1321
What is -3 (base 10) in base 11?
-3
What is -36 (base 12) in base 16?
-2a
0 (base 16) to base 9
0
Convert 37 (base 10) to base 2.
100101
What is -47 (base 15) in base 9?
-74
Convert 0 (base 15) to base 7.
0
What is 2 (base 7) in base 16?
2
7 (base 11) to base 4
13
88 (base 13) to base 2
1110000
4 (base 9) to base 4
10
Convert -3 (base 14) to base 3.
-10
Convert -4 (base 13) to base 16.
-4
What is 9 (base 10) in base 3?
100
What is 11 (base 12) in base 3?
111
What is -345 (base 6) in base 3?
-12002
What is -3 (base 15) in base 7?
-3
116 (base 11) to base 12
b6
-2 (base 16) to base 9
-2
-14 (base 11) to base 14
-11
Convert 4 (base 7) to base 13.
4
-3 (base 4) to base 11
-3
5 (base 6) to base 7
5
-12a (base 12) to base 2
-10110010
What is 3 (base 16) in base 2?
11
Convert 52 (base 6) to base 13.
26
Convert 32 (base 9) to base 12.
25
-6e (base 16) to base 5
-420
What is -40 (base 13) in base 10?
-52
Convert -35 (base 7) to base 2.
-11010
1 (base 10) to base 14
1
Convert -2 (base 5) to base 2.
-10
What is 10001 (base 3) in base 7?
145
What is -4 (base 8) in base 2?
-100
Convert -43 (base 12) to base 3.
-1220
-1b8 (base 12) to base 16
-11c
Convert 4 (base 13) to base 7.
4
47 (base 13) to base 6
135
What is -6 (base 9) in base 2?
-110
b1 (base 12) to base 9
157
What is 12 (base 3) in base 6?
5
What is 115 (base 7) in base 16?
3d
Convert 5 (base 7) to base 4.
11
Convert -a6 (base 16) to base 6.
-434
-1 (base 15) to base 13
-1
-14 (base 7) to base 10
-11
Convert -7 (base 11) to base 5.
-12
What is 106 (base 11) in base 15?
87
Convert 151 (base 7) to base 5.
320
What is 53 (base 6) in base 5?
113
1030 (base 5) to base 3
12012
2 (base 11) to base 16
2
Convert -4 (base 5) to base 4.
-10
10 (base 5) to base 7
5
11 (base 2) to base 16
3
-c (base 15) to base 4
-30
-38 (base 14) to base 3
-1212
Convert -231 (base 4) to base 13.
-36
Convert 2 (base 10) to base 13.
2
Convert -1011010 (base 2) to base 11.
-82
7 (base 9) to base 16
7
What is 110011 (base 2) in base 10?
51
-175 (base 15) to base 14
-19d
Convert 1 (base 12) to base 5.
1
Convert -111 (base 3) to base 16.
-d
What is 24 (base 11) in base 8?
32
Convert -10123 (base 4) to base 14.
-163
Convert -9 (base 10) to base 15.
-9
-1 (base 16) to base 5
-1
Convert 141 (base 8) to base 15.
67
0 (base 13) to base 12
0
Convert 11011 (base 2) to base 7.
36
What is 2 (base 9) in base 7?
2
-3 (base 10) to base 14
-3
Convert -a (base 15) to base 12.
-a
-24 (base 9) to base 7
-31
15 (base 14) to base 7
25
46 (base 15) to base 12
56
Convert 1 (base 10) to base 11.
1
Convert 1 (base 3) to base 16.
1
-122 (base 4) to base 5
-101
What is -3 (base 8) in base 9?
-3
Convert -14 (base 15) to base 2.
-10011
Convert -5 (base 15) to base 11.
-5
What is 15 (base 10) in base 8?
17
-16 (base 10) to base 14
-12
95 (base 14) to base 7
245
What is -305 (base 9) in base 13?
-161
Wh